?
-52
Let f(g) = g**2. What is f(1)?
1
Let l(i) = -4*i + 91. What is l(22)?
3
Let c(n) = -2*n**3 + 11*n**2 - 17*n + 54. Give c(5).
-6
Let z(f) = -f - 4. Calculate z(-17).
13
Let a(x) = -x + 32. Calculate a(-6).
38
Let l(x) = -x - 12. What is l(-10)?
-2
Let d(q) = -q**3 - 2*q**2 + 12*q + 9. Calculate d(3).
0
Let d(f) = -4*f + 3. Determine d(0).
3
Let v(t) = t**3 + 3*t**2 - 6*t - 10. Give v(-3).
8
Let k(q) = -11*q + 1. Determine k(-3).
34
Let m(t) = -t**3 + 22*t**2 + 44*t + 51. Give m(24).
-45
Let r(t) = 6*t + 88. What is r(-14)?
4
Let c(o) = 2*o**3 + 75*o**2 - 37*o + 43. What is c(-38)?
5
Let n(w) = w**2 + 21*w - 1. Calculate n(-21).
-1
Let q(w) = -w**3 + 49*w - 13. What is q(-7)?
-13
Let l(g) = 7*g + 1. Give l(2).
15
Let a(y) = -y**2 - 15*y + 31. Calculate a(2).
-3
Let r(c) = -c**3 - 12*c**2 - 34*c + 11. Give r(-5).
6
Let o(h) = 120*h + 2165. Give o(-18).
5
Let d(c) = -c. Determine d(14).
-14
Let q(y) = -12*y**3 + 4*y**2 - 3. Determine q(-1).
13
Let k(a) = -a**3 + a**2 + 9*a + 3. Give k(4).
-9
Let l(y) = -8*y - 56. What is l(-7)?
0
Let q(c) = -c**3 + 7*c**2 - 4. What is q(7)?
-4
Let a(n) = -n + 28. What is a(22)?
6
Let l(x) = -x**3 - 14*x**2 - 6*x - 2. What is l(-14)?
82
Let a(n) = -2*n**2 + 6*n. Calculate a(4).
-8
Let r(f) = -18*f - 11. Determine r(2).
-47
Let w(l) = -43*l + 304. What is w(7)?
3
Let z(c) = -86*c**2 + 2. Give z(-1).
-84
Let r(w) = -7*w - 10. What is r(-2)?
4
Let x(a) = 2*a**2 - 9*a. Give x(6).
18
Let j(t) = 3*t + 57. What is j(-23)?
-12
Let b(t) = 226*t + 899. Give b(-4).
-5
Let l(b) = b - 11. Give l(8).
-3
Let t(i) = -72*i - 143. What is t(-2)?
1
Let d(v) = -v**3 + 6*v**2 - 7*v + 4. What is d(4)?
8
Let h(b) = 20*b + 117. What is h(-6)?
-3
Let a(x) = -x**2 + 21*x - 20. Calculate a(16).
60
Let f(n) = -n**3 - 2*n**2 + 5*n + 27. Calculate f(5).
-123
Let r(t) = t**3 + 8*t**2 - 24*t - 27. What is r(-10)?
13
Let m(g) = -3*g**2 + 34*g - 161. Determine m(5).
-66
Let a(m) = 2*m**2 - 2. Calculate a(-2).
6
Let q(t) = -t**3 - 22*t**2 - 37*t + 38. Give q(-20).
-22
Let d(j) = -2*j + 29. Determine d(13).
3
Let z(h) = -h**2 + 12*h - 8. Calculate z(8).
24
Let h(f) = f**2 + 23*f + 88. Give h(-18).
-2
Let z(l) = -l**2 + 7*l - 5. Calculate z(4).
7
Let b(x) = -x**3 + 5*x**2 - 2*x + 14. Calculate b(6).
-34
Let o(z) = -z**3 - 21*z**2 + z + 29. What is o(-21)?
8
Let z(m) = 4*m**3 - m**2 - 8*m + 7. Calculate z(1).
2
Let x(o) = -3*o - 13. Give x(-6).
5
Let l(p) = 26*p**3 - 7*p**2 - p - 2. Calculate l(-1).
-34
Let u(f) = -15*f + 10. Calculate u(4).
-50
Let r(f) = f**3 + 7*f**2 + 2*f + 15. Determine r(-7).
1
Let i(b) = -5*b - 68. Calculate i(-11).
-13
Let g(m) = -25*m - 822. Calculate g(-33).
3
Let n(w) = -w + 39. Determine n(11).
28
Let r(c) = -6*c - 2. Give r(-1).
4
Let t(g) = 3*g**3 - 4*g**2 + 2*g. Calculate t(2).
12
Let u(h) = h + 132. What is u(-21)?
111
Let c(r) = r**3 + 2*r**2 - 65*r - 17. Calculate c(-9).
1
Let q(s) = -s**2 + 12*s - 1. Calculate q(15).
-46
Let w(d) = -2*d - 3. Determine w(4).
-11
Let u(m) = m**2 - 21*m - 24. Determine u(14).
-122
Let d(z) = z**2 + 81*z + 929. What is d(-14)?
-9
Let c(f) = -71*f - 565. Calculate c(-8).
3
Let p(f) = f**3 - 10*f**2 - 5*f + 3. What is p(10)?
-47
Let j(d) = -5*d. Give j(-1).
5
Let c(i) = -i**2 - 10*i - 5. Determine c(-6).
19
Let r(l) = 13*l**2 - 1. What is r(-1)?
12
Let z(u) = -39*u**3 - 2*u**2 + 1. Determine z(-1).
38
Let v(m) = -5*m - 4. Determine v(5).
-29
Let l(s) = s**2 + 10*s + 59. Calculate l(-7).
38
Let v(l) = 4*l + 2. Calculate v(-4).
-14
Let v(q) = -q**3 + 2*q**2 + q - 4. What is v(4)?
-32
Let u(z) = z + 5. Give u(-5).
0
Let i(l) = 2*l**3 - 10*l**2 - 12*l + 3. Calculate i(6).
3
Let k(u) = -u**2 + 10*u - 5. Give k(7).
16
Let w(n) = 3*n**3 - 7*n + 7. Calculate w(2).
17
Let f(j) = -22*j + 105. Calculate f(5).
-5
Let s(t) = t + 5. Calculate s(-11).
-6
Let p(q) = q**3 - q**2 - 7*q - 2. What is p(-2)?
0
Let q(j) = 3*j**2 - 4*j + 5. Give q(1).
4
Let a(s) = -s**3 - 7*s**2 + 9. Calculate a(-7).
9
Let h(p) = p**3 - 6*p**2 - 9*p - 1. Calculate h(8).
55
Let q(m) = -2*m**3 - 11*m**2 + 7*m + 14. Calculate q(-6).
8
Let k(m) = -9*m + 1. What is k(0)?
1
Let i(t) = -2*t + 13. Calculate i(4).
5
Let k(y) = y**3 + 16*y**2 + 13*y - 22. What is k(-15)?
8
Let q(h) = -h**3 + 8*h**2 - 16*h + 21. Calculate q(7).
-42
Let u(p) = -32*p - 213. What is u(-6)?
-21
Let m(r) = -18*r + 3. What is m(4)?
-69
Let h(i) = -i**2 + 4*i + 36. Give h(8).
4
Let k(g) = -g**3 + 21*g**2 - 21*g + 22. Give k(20).
2
Let o(t) = -3*t + 17. Determine o(5).
2
Let z(f) = -f**3 + 15*f**2 + 34*f + 12. Give z(17).
12
Let y(q) = 12*q**2 - q + 7. Give y(2).
53
Let p(f) = -31*f + 31. What is p(6)?
-155
Let k(r) = -4*r**2 - 10*r. What is k(-4)?
-24
Let q(f) = -11*f - 3. Calculate q(-4).
41
Let b(z) = -z**2 - 6*z - 5. Determine b(-8).
-21
Let y(q) = q - 16. Calculate y(11).
-5
Let t(u) = -8*u - 22. Give t(-4).
10
Let r(x) = 2*x**2 + 2*x + 8. What is r(-2)?
12
Let d(x) = x**3 + 19*x**2 + 19*x + 16. Give d(-18).
-2
Let r(v) = v**3 - 9*v**2 + 20*v - 37. What is r(8)?
59
Let l(q) = 2*q - 9. Calculate l(4).
-1
Let r(l) = -20*l + 3. Calculate r(4).
-77
Let v(t) = -t**3 + 9*t**2 - 12*t + 22. Determine v(8).
-10
Let d(y) = 2*y**3 + 25*y**2 - 14*y - 27. Determine d(-13).
-14
Let l(d) = -d**3 + 15*d**2 - d + 6. Calculate l(15).
-9
Let j(t) = -8*t + 1. Determine j(4).
-31
Let h(o) = -3*o**2 - 5*o + 9. Calculate h(3).
-33
Let k(y) = y**2 - y - 23. Calculate k(5).
-3
Let g(m) = 4*m**2 - 62*m + 35. Give g(15).
5
Let l(u) = u - 13. Determine l(17).
4
Let c(s) = s**2 - 4*s + 3. Calculate c(8).
35
Let p(x) = x**3 - 8*x**2 + 16*x - 18. Calculate p(6).
6
Let r(j) = -j**3 - j**2 - 2*j - 1. Give r(-1).
1
Let m(i) = i**3 - 4*i**2 - 10*i - 10. Calculate m(6).
2
Let m(y) = -y - 22. Calculate m(15).
-37
Let b(c) = -4*c + 2. What is b(4)?
-14
Let n(m) = -7*m + 3. Calculate n(4).
-25
Let r(d) = -3*d**2 + d - 2. What is r(4)?
-46
Let v(u) = -4*u - 14. Calculate v(-5).
6
Let b(t) = -t**2 - 3*t - 1. What is b(-9)?
-55
Let s(g) = g**2 - 3*g + 9. Calculate s(-5).
49
Let a(j) = 5*j**2 - j + 2. Calculate a(1).
6
Let a(s) = -s**2 + 5*s - 5. Calculate a(4).
-1
Let c(o) = 49*o - 640. Calculate c(13).
-3
Let i(f) = -f**2 + 12*f - 12. What is i(9)?
15
Let y(t) = 22*t - 338. What is y(15)?
-8
Let j(y) = -y - 15. Calculate j(-11).
-4
Let b(u) = u**2 - 4*u + 4. Give b(0).
4
Let m(j) = 2*j**2. Determine m(-2).
8
Let i(l) = l**3 + 17*l**2 - 3*l - 17. What is i(-17)?
34
Let q(i) = -6*i - 58. What is q(-8)?
-10
Let q(j) = j**3 + 5*j**2 - 46*j + 36. Give q(-10).
-4
Let v(u) = u**3 + 8*u**2 + 5*u + 8. What is v(-7)?
22
Let p(g) = g**3 + 19*g**2 - 20*g - 6. Give p(-20).
-6
Let q(a) = -a**2 + 43*a - 126. Calculate q(40).
-6
Let o(h) = -h**3 - 6*h**2 - 3*h - 8. What is o(0)?
-8
Let z(x) = x**2 + 4*x + 10. What is z(-5)?
15
Let a(f) = -7*f**2 + f - 2. What is a(-2)?
-32
Let z(i) = i**2 + 21*i + 49. Give z(-15).
-41
Let z(o) = 11*o - 91. What is z(7)?
-14
Let w(y) = y**3 + 42*y**2 + 38*y - 111. Give w(-41).
12
Let c(l) = -l**2 - 26*l - 130. Give c(-11).
35
Let v(a) = -a**3 - a**2 - 2*a + 3. What is v(2)?
-13
Let g(q) = -q**2 + 12*q - 15. What is g(11)?
-4
Let l(w) = 2*w - 94. Calculate l(33).
-28
Let c(l) = l**3 + 20*l**2 + 21*l + 19. What is c(-19)?
-19
Let u(y) = -y**2 + 8*y + 7. Calculate u(9).
-2
Let c(f) = -2*f**3 - 40*f**2 + f + 25. Give c(-20).
5
Let g(t) = t**2 + 21*t - 1. Give g(-22).
21
Let x(i) = -4*i**2 - 96*i - 85. What is x(-23)?
7
Let i(q) = -q**2 - 3. Calculate i(11).
-124
Let w(s) = -2*s - 24. Give w(-2).
-20
Let l(x) = -x**3 - 13*x**2 + 17*x + 61. Give l(-14).
19
Let c(t) = t**3 - 55*t**2 - 51*t - 291. What is c(56)?
-11
Let m(y) = -y**3 + 9*y**2 - 5. Determine m(9).
-5
Let m(f) = -f**3 - 2*f**2 - 2*f + 2. What is m(-2)?
6
Let h(r) = 2*r + 17. Calculate h(-12).
-7
Let r(k) = k - 20. Give r(10).
-10
Let j(a) = -23*a - 133. Calculate j(-7).
28
Let n(g) = -3*g**2 + g + 4. Give n(-2).
-10
Let g(m) = -m**2 - 2*m + 5. Determine g(-3).
2
Let o(j) = j**3 - 2*j**2 - 13*j - 45. What is o(0)?
-45
Let m(k) = -9*k - 6. Determine m(-4).
30
Let h(c) = -c**3 - 20*c**2 - 2*c + 295. What is h(-19)?
-28
Let y(h) = 3*h - 13. Calculate y(7).
8
Let c(w) = -w**2 + 12. Determine c(9).
-69
Let j(m) = 40*m. Give j(-1).
-40
Let d(z) = 2*z**3 + 12*z**2 + 2*z + 16. Give d(-6).
4
Let g(z) = -3*z**2 + 3. What is g(